lse
Is 23 a factor of 428967?
False
Is 8902 a multiple of 3?
False
Is 188 a factor of 232912?
False
Is 3658767 a multiple of 59?
True
Is 503214 a multiple of 33?
False
Is 423395 a multiple of 12?
False
Is 20 a factor of 2040400?
True
Is 25 a factor of 1420075?
True
Is 14 a factor of 978904?
False
Is 409 a factor of 292026?
True
Is 123 a factor of 27134?
False
Does 176 divide 1056057?
False
Is 1178034 a multiple of 28?
False
Is 2211492 a multiple of 13?
False
Is 1739967 a multiple of 939?
True
Is 543 a factor of 1258674?
True
Is 7 a factor of 5824294?
True
Does 45 divide 55514?
False
Is 119930 a multiple of 335?
True
Is 2025385 a multiple of 66?
False
Is 7194740 a multiple of 28?
True
Is 18 a factor of 791334?
True
Is 42606 a multiple of 9?
True
Is 3182085 a multiple of 9?
True
Is 735422 a multiple of 44?
False
Is 12111990 a multiple of 385?
False
Is 4099615 a multiple of 390?
False
Is 546 a factor of 1689626?
False
Is 22 a factor of 310706?
True
Does 9 divide 266877?
True
Is 1783694 a multiple of 22?
True
Is 27 a factor of 254637?
True
Is 45 a factor of 4834260?
True
Does 136 divide 3495374?
False
Does 24 divide 37470?
False
Is 246 a factor of 7573602?
True
Is 80804 a multiple of 21?
False
Is 321755 a multiple of 8?
False
Is 114886 a multiple of 31?
True
Does 30 divide 541252?
False
Is 23 a factor of 296171?
True
Is 328 a factor of 132973?
False
Is 160 a factor of 917440?
True
Is 20 a factor of 13271364?
False
Is 35574 a multiple of 22?
True
Is 75 a factor of 854175?
True
Is 7 a factor of 183238?
False
Does 40 divide 1246240?
True
Is 5977507 a multiple of 47?
True
Is 1083104 a multiple of 724?
True
Is 16356 a multiple of 188?
True
Is 27 a factor of 305748?
True
Is 555902 a multiple of 165?
False
Is 25 a factor of 65025?
True
Is 308730 a multiple of 410?
True
Does 179 divide 39043?
False
Is 4831756 a multiple of 150?
False
Does 11 divide 1481774?
False
Is 192 a factor of 14976?
True
Is 384 a factor of 700800?
True
Does 12 divide 1268418?
False
Is 7993070 a multiple of 22?
False
Is 86720 a multiple of 64?
True
Does 32 divide 216608?
True
Is 3595206 a multiple of 446?
True
Is 52 a factor of 462020?
True
Does 500 divide 11574309?
False
Is 256 a factor of 5434?
False
Does 671 divide 101321?
True
Is 33 a factor of 1901460?
True
Does 56 divide 10416280?
True
Is 74 a factor of 340400?
True
Is 880087 a multiple of 13?
True
Is 3 a factor of 63130?
False
Is 83 a factor of 7386917?
True
Is 11 a factor of 529474?
True
Is 76 a factor of 34200?
True
Is 375 a factor of 1258125?
True
Is 290100 a multiple of 15?
True
Does 6 divide 291834?
True
Is 457297 a multiple of 300?
False
Is 340 a factor of 2096336?
False
Is 1290924 a multiple of 36?
True
Is 42 a factor of 88896?
False
Is 974277 a multiple of 103?
True
Does 66 divide 1494495?
False
Is 16 a factor of 380848?
True
Does 50 divide 5380901?
False
Is 16826186 a multiple of 13?
True
Does 17 divide 1312808?
True
Does 84 divide 220656?
False
Does 146 divide 56450?
False
Is 4 a factor of 3106164?
True
Does 1008 divide 2379697?
False
Is 141 a factor of 10998?
True
Is 506 a factor of 682689?
False
Does 33 divide 94193?
False
Does 386 divide 37536?
False
Is 3 a factor of 8634?
True
Does 6 divide 11743?
False
Is 95242 a multiple of 4?
False
Does 79 divide 162181?
False
Is 9477648 a multiple of 231?
False
Does 542 divide 1777816?
False
Is 15 a factor of 56460?
True
Does 13 divide 13682?
False
Does 185 divide 8087595?
False
Does 467 divide 3303697?
False
Is 40 a factor of 111640?
True
Does 148 divide 18731947?
False
Is 458616 a multiple of 77?
False
Is 9 a factor of 172605?
False
Is 137 a factor of 412489?
False
Is 910181 a multiple of 61?
True
Does 11 divide 1539747?
True
Does 1860 divide 11611980?
True
Is 47625 a multiple of 5?
True
Is 900 a factor of 2174287?
False
Is 823970 a multiple of 13?
False
Is 115092 a multiple of 9?
True
Does 646 divide 881790?
True
Is 2747804 a multiple of 198?
False
Is 61143 a multiple of 267?
True
Does 50 divide 20908507?
False
Is 668 a factor of 6034945?
False
Does 78 divide 1212890?
False
Does 2 divide 189092?
True
Is 11920560 a multiple of 15?
True
Is 3939829 a multiple of 10?
False
Does 61 divide 8323209?
False
Is 170628 a multiple of 260?
False
Does 1054 divide 2504304?
True
Is 6197478 a multiple of 7?
True
Does 182 divide 2031312?
False
Is 353159 a multiple of 654?
False
Is 506800 a multiple of 56?
True
Is 492 a factor of 334560?
True
Is 2500 a multiple of 250?
True
Is 5812608 a multiple of 64?
True
Is 250 a factor of 165799?
False
Does 16 divide 14521280?
True
Is 363650 a multiple of 25?
True
Is 2 a factor of 190971?
False
Is 96 a factor of 4785024?
True
Is 14 a factor of 118594?
True
Is 7 a factor of 1754181?
False
Is 297448 a multiple of 43?
False
Is 25 a factor of 174159?
False
Is 18342523 a multiple of 67?
True
Is 947 a factor of 2638342?
True
Does 37 divide 66341?
True
Is 10013 a multiple of 2?
False
Does 19 divide 1278567?
True
Is 25 a factor of 210412?
False
Does 135 divide 1285972?
False
Is 98 a factor of 2672?
False
Does 4 divide 4303506?
False
Is 24 a factor of 6933540?
False
Is 40 a factor of 430920?
True
Does 137 divide 6106?
False
Does 10 divide 579920?
True
Does 80 divide 253545?
False
Does 9 divide 5082255?
True
Is 4085166 a multiple of 158?
False
Is 120251 a multiple of 7?
False
Does 207 divide 10327023?
True
Is 2186304 a multiple of 64?
True
Is 306 a factor of 245129?
False
Does 182 divide 351367?
False
Is 230 a factor of 3731060?
True
Is 90246 a multiple of 16?
False
Is 24 a factor of 126645?
False
Is 250458 a multiple of 13?
True
Is 3381372 a multiple of 478?
True
Does 10 divide 1628011?
False
Does 1241 divide 4965993?
False
Is 2883225 a multiple of 555?
True
Is 1283483 a multiple of 84?
False
Is 103867 a multiple of 4?
False
Is 307343 a multiple of 179?
True
Is 553 a factor of 453730?
False
Does 329 divide 630035?
True
Does 7 divide 365034?
False
Is 954255 a multiple of 94?
False
Is 23 a factor of 1552431?
True
Is 134616 a multiple of 316?
True
Is 162 a factor of 65606?
False
Does 167 divide 57127?
False
Is 307135 a multiple of 26?
False
Is 114 a factor of 978462?
True
Does 11 divide 298014?
False
Is 567275 a multiple of 4?
False
Is 97 a factor of 1196826?
False
Does 40 divide 1143440?
True
Is 108845 a multiple of 34?
False
Does 65 divide 325?
True
Does 296 divide 1776?
True
Is 16 a factor of 1242853?
False
Is 330690 a multiple of 151?
True
Does 146 divide 54992?
False
Does 4 divide 49091?
False
Is 20 a factor of 5307360?
True
Does 488 divide 3030037?
False
Is 18 a factor of 293148?
True
Is 75931 a multiple of 27?
False
Does 5 divide 146311?
False
Is 321 a factor of 54570?
True
Is 121320 a multiple of 120?
True
Is 2112404 a multiple of 122?
False
Does 1333 divide 10445388?
True
Is 17 a factor of 710753?
True
Is 15 a factor of 1232430?
True
Is 273034 a multiple of 38?
False
Is 47442 a multiple of 167?
False
Is 281783 a multiple of 30?
False
Is 90 a factor of 589140?
True
Is 6584725 a multiple of 985?
True
Is 13 a factor of 475735?
True
Does 8 divide 152715?
False
Is 375537 a multiple of 87?
False
Does 47 divide 2502496?
False
Is 156 a factor of 14418612?
True
Is 2249493 a multiple of 744?
False
Is 155788 a multiple of 469?
False
Is 954366 a multiple of 377?
False
Is 619877 a multiple of 379?
False
Does 459 divide 1518618?
False
Does 83 divide 74368?
True
Does 11 divide 165705?
False
Is 1062006 a multiple of 11?
True
Does 32 divide 1559904?
True
Is 53 a factor of 37630?
True
Does 315 divide 2331744?
False
Does 70 divide 456190?
True
Is 477 a factor of 271776?
False
Is 918 a factor of 3251150?
False
Is 123564 a multiple of 29?
False
Is 180 a factor of 128139?
False
Does 30 divide 84900?
True
Does 43 divide 193156?
True
Is 400176 a multiple of 16?
True
Is 1191311 a multiple of 145?
False
Is 41 a factor of 135732?
False
Is 7691673 a multiple of 465?
False
Does 23 divide 1276941?
False
Is 17 a factor of 94112?
True
Is 157476 a multiple of 132?
True
Is 9615606 a multiple of 77?
True
Does 26 divide 1693692?
True
Does 4 divide 374005?
False
Is 15138968 a multiple of 13?
True
Is 1429845 a multiple of 285?
True
Does 3 divide 8010?
True
Does 385 divide 348040?
True
Does 219 divide 2319168?
False
Is 688442 a multiple of 13?
False
Is 7 a factor of 3385989?
False
Is 114543